CRAN Package Check Results for Package CIAAWconsensus

Last updated on 2021-11-27 22:56:52 CET.

Flavor Version Tinstall Tcheck Ttotal Status Flags
r-devel-linux-x86_64-debian-clang 1.3 OK
r-devel-linux-x86_64-debian-gcc 1.3 1.71 26.39 28.10 OK
r-devel-linux-x86_64-fedora-clang 1.3 55.59 NOTE
r-devel-linux-x86_64-fedora-gcc 1.3 43.26 NOTE
r-devel-windows-x86_64-new-UL 1.3 7.00 75.00 82.00 OK
r-devel-windows-x86_64-new-TK 1.3 NOTE
r-devel-windows-x86_64-old 1.3 4.00 56.00 60.00 OK
r-patched-linux-x86_64 1.3 2.65 32.67 35.32 OK
r-patched-solaris-x86 1.3 69.30 NOTE
r-release-linux-x86_64 1.3 OK
r-release-macos-arm64 1.3 NOTE
r-release-macos-x86_64 1.3 NOTE
r-release-windows-ix86+x86_64 1.3 6.00 39.00 45.00 OK
r-oldrel-macos-x86_64 1.3 NOTE
r-oldrel-windows-ix86+x86_64 1.3 5.00 55.00 60.00 OK

Check Details

Version: 1.3
Check: dependencies in R code
Result: NOTE
    Namespaces in Imports field not imported from:
     ‘Matrix’ ‘stringr’
     All declared Imports should be used.
Flavors: r-devel-linux-x86_64-fedora-clang, r-devel-linux-x86_64-fedora-gcc, r-devel-windows-x86_64-new-TK, r-patched-solaris-x86, r-release-macos-arm64, r-release-macos-x86_64, r-oldrel-macos-x86_64