CRAN Package Check Results for Package CIEE

Last updated on 2024-02-25 23:02:02 CET.

Flavor Version Tinstall Tcheck Ttotal Status Flags
r-devel-linux-x86_64-debian-clang 0.1.1 3.81 63.46 67.27 NOTE
r-devel-linux-x86_64-debian-gcc 0.1.1 1.82 47.54 49.36 NOTE
r-devel-linux-x86_64-fedora-clang 0.1.1 81.60 NOTE
r-devel-linux-x86_64-fedora-gcc 0.1.1 90.36 NOTE
r-devel-windows-x86_64 0.1.1 3.00 74.00 77.00 NOTE
r-patched-linux-x86_64 0.1.1 4.06 60.54 64.60 NOTE
r-release-linux-x86_64 0.1.1 3.24 60.98 64.22 NOTE
r-release-macos-arm64 0.1.1 34.00 NOTE
r-release-macos-x86_64 0.1.1 53.00 NOTE
r-release-windows-x86_64 0.1.1 4.00 83.00 87.00 NOTE
r-oldrel-macos-arm64 0.1.1 30.00 NOTE
r-oldrel-windows-x86_64 0.1.1 5.00 82.00 87.00 NOTE

Check Details

Version: 0.1.1
Check: LazyData
Result: NOTE 'LazyData' is specified without a 'data' directory Flavors: r-devel-linux-x86_64-debian-clang, r-devel-linux-x86_64-debian-gcc, r-devel-linux-x86_64-fedora-clang, r-devel-linux-x86_64-fedora-gcc, r-devel-windows-x86_64, r-patched-linux-x86_64, r-release-linux-x86_64, r-release-macos-arm64, r-release-macos-x86_64, r-release-windows-x86_64, r-oldrel-macos-arm64, r-oldrel-windows-x86_64