Last updated on 2023-05-28 22:00:06 CEST.
Flavor | Version | Tinstall | Tcheck | Ttotal | Status | Flags |
---|---|---|---|---|---|---|
r-devel-linux-x86_64-debian-clang | 0.1.3 | 10.29 | 98.41 | 108.70 | OK | |
r-devel-linux-x86_64-debian-gcc | 0.1.3 | 8.65 | 74.16 | 82.81 | OK | |
r-devel-linux-x86_64-fedora-clang | 0.1.3 | 136.79 | NOTE | |||
r-devel-linux-x86_64-fedora-gcc | 0.1.3 | 135.88 | NOTE | |||
r-devel-windows-x86_64 | 0.1.3 | 10.00 | 90.00 | 100.00 | OK | |
r-patched-linux-x86_64 | 0.1.3 | 10.59 | 92.33 | 102.92 | OK | |
r-release-linux-x86_64 | 0.1.3 | 10.23 | 91.41 | 101.64 | OK | |
r-release-macos-arm64 | 0.1.3 | 42.00 | OK | |||
r-release-macos-x86_64 | 0.1.3 | 59.00 | OK | |||
r-release-windows-x86_64 | 0.1.3 | 14.00 | 105.00 | 119.00 | OK | |
r-oldrel-macos-arm64 | 0.1.3 | 36.00 | NOTE | |||
r-oldrel-macos-x86_64 | 0.1.3 | 53.00 | NOTE | |||
r-oldrel-windows-x86_64 | 0.1.3 | 14.00 | 104.00 | 118.00 | OK |
Version: 0.1.3
Check: data for non-ASCII characters
Result: NOTE
Note: found 28982 marked UTF-8 strings
Flavors: r-devel-linux-x86_64-fedora-clang, r-devel-linux-x86_64-fedora-gcc, r-oldrel-macos-arm64, r-oldrel-macos-x86_64