CRAN Package Check Results for Package CINNA

Last updated on 2024-02-20 23:53:50 CET.

Flavor Version Tinstall Tcheck Ttotal Status Flags
r-devel-linux-x86_64-debian-clang 1.2.2 OK
r-devel-linux-x86_64-debian-gcc 1.2.2 12.44 217.76 230.20 OK
r-devel-linux-x86_64-fedora-clang 1.2.2 415.85 NOTE
r-devel-linux-x86_64-fedora-gcc 1.2.2 395.94 NOTE
r-devel-windows-x86_64 1.2.2 15.00 202.00 217.00 OK
r-patched-linux-x86_64 1.2.2 12.05 275.62 287.67 OK
r-release-linux-x86_64 1.2.2 15.62 284.30 299.92 OK
r-release-macos-arm64 1.2.2 49.00 OK
r-release-macos-x86_64 1.2.2 101.00 OK
r-release-windows-x86_64 1.2.2 19.00 292.00 311.00 OK
r-oldrel-macos-arm64 1.2.2 54.00 OK
r-oldrel-windows-x86_64 1.2.2 19.00 287.00 306.00 OK

Check Details

Version: 1.2.2
Check: dependencies in R code
Result: NOTE Namespaces in Imports field not imported from: ‘circlize’ ‘utils’ All declared Imports should be used. Flavors: r-devel-linux-x86_64-fedora-clang, r-devel-linux-x86_64-fedora-gcc