CRAN Package Check Results for Package CLVTools

Last updated on 2022-01-18 22:47:19 CET.

Flavor Version Tinstall Tcheck Ttotal Status Flags
r-devel-linux-x86_64-debian-clang 0.9.0 138.11 555.61 693.72 OK
r-devel-linux-x86_64-debian-gcc 0.9.0 107.59 454.61 562.20 OK
r-devel-linux-x86_64-fedora-clang 0.9.0 759.06 NOTE
r-devel-linux-x86_64-fedora-gcc 0.9.0 668.20 OK
r-devel-windows-x86_64-new-UL 0.9.0 452.00 423.00 875.00 OK
r-devel-windows-x86_64-new-TK 0.9.0 OK
r-patched-linux-x86_64 0.9.0 119.84 485.75 605.59 OK
r-release-linux-x86_64 0.9.0 OK
r-release-macos-arm64 0.9.0 NOTE
r-release-macos-x86_64 0.9.0 WARN --as-cran
r-release-windows-ix86+x86_64 0.9.0 333.00 614.00 947.00 OK
r-oldrel-macos-x86_64 0.8.1 NOTE
r-oldrel-windows-ix86+x86_64 0.9.0 334.00 620.00 954.00 OK

Check Details

Version: 0.9.0
Check: installed package size
Result: NOTE
     installed size is 8.9Mb
     sub-directories of 1Mb or more:
     libs 7.5Mb
Flavors: r-devel-linux-x86_64-fedora-clang, r-release-macos-arm64

Version: 0.9.0
Flags: --as-cran
Check: CRAN incoming feasibility
Result: WARN
    Maintainer: ‘Patrick Bachmann <pbachma@ethz.ch>’
    
    Insufficient package version (submitted: 0.9.0, existing: 0.9.0)
    
    Days since last update: 0
Flavor: r-release-macos-x86_64

Version: 0.9.0
Flags: --as-cran
Check: installed package size
Result: NOTE
     installed size is 11.7Mb
     sub-directories of 1Mb or more:
     libs 10.4Mb
Flavor: r-release-macos-x86_64

Version: 0.9.0
Flags: --as-cran
Check: top-level files
Result: NOTE
    Files ‘README.md’ or ‘NEWS.md’ cannot be checked without ‘pandoc’ being installed.
Flavor: r-release-macos-x86_64

Version: 0.9.0
Flags: --as-cran
Check: sizes of PDF files under ‘inst/doc’
Result: NOTE
    Unable to find GhostScript executable to run checks on size reduction
Flavor: r-release-macos-x86_64

Version: 0.8.1
Check: installed package size
Result: NOTE
     installed size is 11.0Mb
     sub-directories of 1Mb or more:
     libs 9.7Mb
Flavor: r-oldrel-macos-x86_64