CRAN Package Check Results for Package CNLTreg

Last updated on 2021-11-30 22:54:27 CET.

Flavor Version Tinstall Tcheck Ttotal Status Flags
r-devel-linux-x86_64-debian-clang 0.1-2 2.83 28.20 31.03 OK
r-devel-linux-x86_64-debian-gcc 0.1-2 2.00 24.36 26.36 OK
r-devel-linux-x86_64-fedora-clang 0.1-2 48.12 NOTE
r-devel-linux-x86_64-fedora-gcc 0.1-2 39.04 OK
r-devel-windows-x86_64-new-UL 0.1-2 8.00 60.00 68.00 OK
r-devel-windows-x86_64-new-TK 0.1-2 OK
r-devel-windows-x86_64-old 0.1-2 5.00 35.00 40.00 OK
r-patched-linux-x86_64 0.1-2 2.74 26.98 29.72 OK
r-patched-solaris-x86 0.1-2 55.60 OK
r-release-linux-x86_64 0.1-2 2.72 26.79 29.51 OK
r-release-macos-arm64 0.1-2 OK
r-release-macos-x86_64 0.1-2 OK
r-release-windows-ix86+x86_64 0.1-2 6.00 32.00 38.00 OK
r-oldrel-macos-x86_64 0.1-2 OK
r-oldrel-windows-ix86+x86_64 0.1-2 5.00 46.00 51.00 OK

Check Details

Version: 0.1-2
Check: Rd cross-references
Result: NOTE
    Undeclared package ‘wavethresh’ in Rd xrefs
Flavor: r-devel-linux-x86_64-fedora-clang