CRAN Package Check Results for Package CNVScope

Last updated on 2021-11-27 22:56:53 CET.

Flavor Version Tinstall Tcheck Ttotal Status Flags
r-devel-linux-x86_64-debian-clang 3.6.0 OK
r-devel-linux-x86_64-debian-gcc 3.6.0 47.75 444.49 492.24 OK
r-devel-linux-x86_64-fedora-clang 3.6.0 841.95 NOTE
r-devel-linux-x86_64-fedora-gcc 3.6.0 838.86 OK
r-devel-windows-x86_64-new-UL 3.6.0 28.00 31.00 59.00 ERROR
r-devel-windows-x86_64-new-TK 3.6.0 OK
r-devel-windows-x86_64-old 3.6.0 84.00 577.00 661.00 NOTE
r-patched-linux-x86_64 3.6.0 57.27 594.40 651.67 OK
r-patched-solaris-x86 3.6.0 1058.60 NOTE
r-release-linux-x86_64 3.6.0 OK
r-release-macos-arm64 3.6.0 NOTE
r-release-macos-x86_64 3.6.0 NOTE
r-release-windows-ix86+x86_64 3.6.0 145.00 713.00 858.00 NOTE
r-oldrel-macos-x86_64 3.5.6 ERROR
r-oldrel-windows-ix86+x86_64 3.5.6 21.00 6.00 27.00 ERROR

Check Details

Version: 3.6.0
Check: installed package size
Result: NOTE
     installed size is 5.3Mb
     sub-directories of 1Mb or more:
     doc 3.2Mb
     extdata 1.7Mb
Flavors: r-devel-linux-x86_64-fedora-clang, r-devel-windows-x86_64-old, r-patched-solaris-x86, r-release-macos-arm64, r-release-macos-x86_64, r-release-windows-ix86+x86_64

Version: 3.6.0
Check: whether package can be installed
Result: ERROR
    Installation failed.
Flavor: r-devel-windows-x86_64-new-UL

Version: 3.5.6
Check: package dependencies
Result: ERROR
    Package required but not available: ‘GenomicInteractions’
    
    Package suggested but not available for checking: ‘InteractionSet’
    
    See section ‘The DESCRIPTION file’ in the ‘Writing R Extensions’
    manual.
Flavor: r-oldrel-macos-x86_64

Version: 3.5.6
Check: whether package can be installed
Result: ERROR
    Installation failed.
Flavor: r-oldrel-windows-ix86+x86_64