CRAN Package Check Results for Package CORM

Last updated on 2022-01-27 23:00:57 CET.

Flavor Version Tinstall Tcheck Ttotal Status Flags
r-devel-linux-x86_64-debian-clang 1.0.2 5.42 59.14 64.56 NOTE
r-devel-linux-x86_64-debian-gcc 1.0.2 3.93 45.67 49.60 NOTE
r-devel-linux-x86_64-fedora-clang 1.0.2 82.83 NOTE
r-devel-linux-x86_64-fedora-gcc 1.0.2 72.41 NOTE
r-devel-windows-x86_64-new-UL 1.0.2 30.00 80.00 110.00 NOTE
r-devel-windows-x86_64-new-TK 1.0.2 NOTE
r-patched-linux-x86_64 1.0.2 4.95 56.07 61.02 NOTE
r-release-linux-x86_64 1.0.2 5.51 55.28 60.79 NOTE
r-release-macos-arm64 1.0.2 NOTE
r-release-macos-x86_64 1.0.2 NOTE
r-release-windows-ix86+x86_64 1.0.2 9.00 67.00 76.00 NOTE
r-oldrel-macos-x86_64 1.0.2 NOTE
r-oldrel-windows-ix86+x86_64 1.0.2 10.00 66.00 76.00 NOTE

Check Details

Version: 1.0.2
Check: R code for possible problems
Result: NOTE
    compute.llh: no visible global function definition for 'dnorm'
    compute.u.hat.simple: no visible global function definition for 'dnorm'
    fit.CLM.1u.simple.start: no visible global function definition for
     'kmeans'
    fit.CLMM.simple.start: no visible global function definition for
     'kmeans'
    fit.CLMM.simple.start.NA: no visible global function definition for
     'kmeans'
    Undefined global functions or variables:
     dnorm kmeans
    Consider adding
     importFrom("stats", "dnorm", "kmeans")
    to your NAMESPACE file.
Flavors: r-devel-linux-x86_64-debian-clang, r-devel-linux-x86_64-debian-gcc, r-devel-linux-x86_64-fedora-clang, r-devel-linux-x86_64-fedora-gcc, r-devel-windows-x86_64-new-UL, r-devel-windows-x86_64-new-TK, r-patched-linux-x86_64, r-release-linux-x86_64, r-release-macos-arm64, r-release-macos-x86_64, r-release-windows-ix86+x86_64, r-oldrel-macos-x86_64, r-oldrel-windows-ix86+x86_64