CRAN Package Check Results for Package CVEK

Last updated on 2021-12-01 22:53:08 CET.

Flavor Version Tinstall Tcheck Ttotal Status Flags
r-devel-linux-x86_64-debian-clang 0.1-2 4.05 448.89 452.94 NOTE
r-devel-linux-x86_64-debian-gcc 0.1-2 2.63 331.40 334.03 NOTE
r-devel-linux-x86_64-fedora-clang 0.1-2 540.36 NOTE
r-devel-linux-x86_64-fedora-gcc 0.1-2 543.68 NOTE
r-devel-windows-x86_64-new-UL 0.1-2 12.00 475.00 487.00 NOTE
r-devel-windows-x86_64-new-TK 0.1-2 NOTE
r-devel-windows-x86_64-old 0.1-2 7.00 406.00 413.00 NOTE
r-patched-linux-x86_64 0.1-2 4.04 425.32 429.36 NOTE
r-patched-solaris-x86 0.1-2 247.80 NOTE
r-release-linux-x86_64 0.1-2 3.53 428.54 432.07 NOTE
r-release-macos-arm64 0.1-2 NOTE
r-release-macos-x86_64 0.1-2 NOTE
r-release-windows-ix86+x86_64 0.1-2 12.00 504.00 516.00 NOTE
r-oldrel-macos-x86_64 0.1-2 OK
r-oldrel-windows-ix86+x86_64 0.1-2 8.00 515.00 523.00 OK

Check Details

Version: 0.1-2
Check: LazyData
Result: NOTE
     'LazyData' is specified without a 'data' directory
Flavors: r-devel-linux-x86_64-debian-clang, r-devel-linux-x86_64-debian-gcc, r-devel-linux-x86_64-fedora-clang, r-devel-linux-x86_64-fedora-gcc, r-devel-windows-x86_64-new-UL, r-devel-windows-x86_64-new-TK, r-devel-windows-x86_64-old, r-patched-linux-x86_64, r-patched-solaris-x86, r-release-linux-x86_64, r-release-macos-arm64, r-release-macos-x86_64, r-release-windows-ix86+x86_64