CRAN Package Check Results for Package CVXR

Last updated on 2021-12-02 22:55:49 CET.

Flavor Version Tinstall Tcheck Ttotal Status Flags
r-devel-linux-x86_64-debian-clang 1.0-10 169.50 310.35 479.85 NOTE
r-devel-linux-x86_64-debian-gcc 1.0-10 128.23 231.26 359.49 NOTE
r-devel-linux-x86_64-fedora-clang 1.0-10 657.87 NOTE
r-devel-linux-x86_64-fedora-gcc 1.0-10 643.00 NOTE
r-devel-windows-x86_64-new-UL 1.0-10 293.00 461.00 754.00 NOTE
r-devel-windows-x86_64-new-TK 1.0-10 NOTE
r-devel-windows-x86_64-old 1.0-10 235.00 306.00 541.00 NOTE
r-patched-linux-x86_64 1.0-10 152.33 296.37 448.70 NOTE
r-patched-solaris-x86 1.0-10 615.30 NOTE
r-release-linux-x86_64 1.0-10 145.27 295.25 440.52 NOTE
r-release-macos-arm64 1.0-10 NOTE
r-release-macos-x86_64 1.0-10 NOTE
r-release-windows-ix86+x86_64 1.0-10 344.00 582.00 926.00 NOTE
r-oldrel-macos-x86_64 1.0-10 NOTE
r-oldrel-windows-ix86+x86_64 1.0-10 350.00 565.00 915.00 NOTE

Check Details

Version: 1.0-10
Check: package dependencies
Result: NOTE
    Packages which this enhances but not available for checking:
     'gurobi', 'rcbc'
Flavors: r-devel-linux-x86_64-debian-clang, r-devel-linux-x86_64-debian-gcc, r-patched-linux-x86_64, r-release-linux-x86_64

Version: 1.0-10
Check: package dependencies
Result: NOTE
    Packages which this enhances but not available for checking:
     'Rcplex', 'gurobi', 'rcbc'
Flavors: r-devel-linux-x86_64-fedora-clang, r-devel-linux-x86_64-fedora-gcc, r-devel-windows-x86_64-new-UL, r-devel-windows-x86_64-new-TK, r-devel-windows-x86_64-old, r-release-macos-arm64, r-release-macos-x86_64, r-release-windows-ix86+x86_64, r-oldrel-macos-x86_64, r-oldrel-windows-ix86+x86_64

Version: 1.0-10
Check: installed package size
Result: NOTE
     installed size is 9.7Mb
     sub-directories of 1Mb or more:
     R 2.7Mb
     doc 1.2Mb
     help 1.0Mb
     libs 4.3Mb
Flavors: r-devel-linux-x86_64-fedora-clang, r-devel-windows-x86_64-new-UL, r-devel-windows-x86_64-old, r-patched-solaris-x86, r-release-macos-arm64, r-release-macos-x86_64, r-release-windows-ix86+x86_64, r-oldrel-macos-x86_64, r-oldrel-windows-ix86+x86_64

Version: 1.0-10
Check: package dependencies
Result: NOTE
    Packages which this enhances but not available for checking:
     'Rcplex', 'gurobi', 'rcbc', 'Rmosek'
Flavor: r-patched-solaris-x86