CRAN Package Check Results for Package Canek

Last updated on 2024-02-29 22:58:39 CET.

Flavor Version Tinstall Tcheck Ttotal Status Flags
r-devel-linux-x86_64-debian-clang 0.2.5 17.39 300.74 318.13 OK
r-devel-linux-x86_64-debian-gcc 0.2.5 14.82 228.04 242.86 OK
r-devel-linux-x86_64-fedora-clang 0.2.5 392.36 OK
r-devel-linux-x86_64-fedora-gcc 0.2.5 408.20 OK
r-devel-windows-x86_64 0.2.5 18.00 231.00 249.00 OK
r-patched-linux-x86_64 0.2.5 22.70 315.54 338.24 OK
r-release-linux-x86_64 0.2.5 20.37 321.96 342.33 OK
r-release-macos-arm64 0.2.5 147.00 NOTE
r-release-macos-x86_64 0.2.5 352.00 NOTE
r-release-windows-x86_64 0.2.5 23.00 322.00 345.00 OK
r-oldrel-macos-arm64 0.2.5 10.00 ERROR
r-oldrel-windows-x86_64 0.2.5 26.00 312.00 338.00 OK

Check Details

Version: 0.2.5
Check: package dependencies
Result: NOTE Package suggested but not available for checking: ‘batchelor’ Flavors: r-release-macos-arm64, r-release-macos-x86_64

Version: 0.2.5
Check: package dependencies
Result: ERROR Package required but not available: ‘bluster’ Package suggested but not available for checking: ‘scran’ See section ‘The DESCRIPTION file’ in the ‘Writing R Extensions’ manual. Flavor: r-oldrel-macos-arm64