CRAN Package Check Results for Package ChainLadder

Last updated on 2022-01-28 23:00:29 CET.

Flavor Version Tinstall Tcheck Ttotal Status Flags
r-devel-linux-x86_64-debian-clang 0.2.15 26.74 298.39 325.13 OK
r-devel-linux-x86_64-debian-gcc 0.2.15 23.79 217.49 241.28 OK
r-devel-linux-x86_64-fedora-clang 0.2.15 397.05 OK
r-devel-linux-x86_64-fedora-gcc 0.2.15 400.85 OK
r-devel-windows-x86_64-new-UL 0.2.15 338.00 344.00 682.00 OK
r-devel-windows-x86_64-new-TK 0.2.15 ERROR
r-patched-linux-x86_64 0.2.15 31.10 271.45 302.55 OK
r-release-linux-x86_64 0.2.15 27.48 272.05 299.53 OK
r-release-macos-arm64 0.2.15 OK
r-release-macos-x86_64 0.2.15 OK
r-release-windows-ix86+x86_64 0.2.15 51.00 331.00 382.00 OK
r-oldrel-macos-x86_64 0.2.15 OK
r-oldrel-windows-ix86+x86_64 0.2.15 51.00 331.00 382.00 OK

Check Details

Version: 0.2.15
Check: package dependencies
Result: ERROR
    Package required but not available: 'systemfit'
    
    See section 'The DESCRIPTION file' in the 'Writing R Extensions'
    manual.
Flavor: r-devel-windows-x86_64-new-TK