Last updated on 2022-05-19 22:54:06 CEST.
Flavor | Version | Tinstall | Tcheck | Ttotal | Status | Flags |
---|---|---|---|---|---|---|
r-devel-linux-x86_64-debian-clang | 0.2 | 37.16 | 79.10 | 116.26 | OK | |
r-devel-linux-x86_64-debian-gcc | 0.2 | 30.95 | 57.71 | 88.66 | OK | |
r-devel-linux-x86_64-fedora-clang | 0.2 | 157.75 | NOTE | |||
r-devel-linux-x86_64-fedora-gcc | 0.2 | 143.84 | NOTE | |||
r-devel-windows-x86_64 | 0.2 | 67.00 | 424.00 | 491.00 | OK | |
r-patched-linux-x86_64 | 0.2 | 33.34 | 75.54 | 108.88 | OK | |
r-release-linux-x86_64 | 0.2 | 35.25 | 73.66 | 108.91 | OK | |
r-release-macos-arm64 | 0.2 | 142.00 | NOTE | |||
r-release-macos-x86_64 | 0.2 | 224.00 | NOTE | |||
r-release-windows-x86_64 | 0.2 | 68.00 | 414.00 | 482.00 | OK | |
r-oldrel-macos-arm64 | 0.2 | 116.00 | NOTE | |||
r-oldrel-macos-x86_64 | 0.2 | 161.00 | NOTE | |||
r-oldrel-windows-ix86+x86_64 | 0.2 | 99.00 | 457.00 | 556.00 | OK |
Version: 0.2
Check: dependencies in R code
Result: NOTE
Namespaces in Imports field not imported from:
‘bench’ ‘ggplot2’
All declared Imports should be used.
Flavors: r-devel-linux-x86_64-fedora-clang, r-devel-linux-x86_64-fedora-gcc, r-release-macos-arm64, r-release-macos-x86_64, r-oldrel-macos-arm64, r-oldrel-macos-x86_64