CRAN Package Check Results for Package ChemoSpec

Last updated on 2021-12-02 22:55:48 CET.

Flavor Version Tinstall Tcheck Ttotal Status Flags
r-devel-linux-x86_64-debian-clang 6.0.1 11.13 154.20 165.33 OK
r-devel-linux-x86_64-debian-gcc 6.0.1 9.32 105.43 114.75 ERROR
r-devel-linux-x86_64-fedora-clang 6.0.1 210.39 OK
r-devel-linux-x86_64-fedora-gcc 6.0.1 204.86 OK
r-devel-windows-x86_64-new-UL 6.0.1 26.00 304.00 330.00 OK
r-devel-windows-x86_64-new-TK 6.0.1 OK
r-devel-windows-x86_64-old 6.0.1 19.00 162.00 181.00 OK
r-patched-linux-x86_64 6.0.1 20.62 142.40 163.02 OK
r-patched-solaris-x86 6.0.1 195.10 OK
r-release-linux-x86_64 6.0.1 10.14 141.92 152.06 OK
r-release-macos-arm64 6.0.1 OK
r-release-macos-x86_64 6.0.1 OK
r-release-windows-ix86+x86_64 6.0.1 24.00 206.00 230.00 OK
r-oldrel-macos-x86_64 6.0.1 OK
r-oldrel-windows-ix86+x86_64 6.0.1 24.00 209.00 233.00 OK

Check Details

Version: 6.0.1
Check: examples
Result: ERROR
    Running examples in ‘ChemoSpec-Ex.R’ failed
    The error most likely occurred in:
    
    > base::assign(".ptime", proc.time(), pos = "CheckExEnv")
    > ### Name: hmapSpectra
    > ### Title: Seriated Heat Map for a Spectra Object
    > ### Aliases: hmapSpectra
    > ### Keywords: multivariate
    >
    > ### ** Examples
    >
    >
    > data(SrE.IR)
    >
    > # Let's look just at the carbonyl region
    > IR <- removeFreq(SrE.IR, rem.freq = SrE.IR$freq > 1775 | SrE.IR$freq < 1660)
    > p <- plotSpectra(IR, which = 1:16, lab.pos = 1800)
    >
    > # Defaults, except for color scheme:
    > res <- hmapSpectra(IR, col = heat.colors(5))
    Error in ser_permutation_vector(order, method = method$name) :
     'list' object cannot be coerced to type 'integer'
    Calls: hmapSpectra ... seriate.dist -> ser_permutation -> ser_permutation_vector
    Execution halted
Flavor: r-devel-linux-x86_64-debian-gcc