CRAN Package Check Results for Package ChoR

Last updated on 2021-12-06 21:51:09 CET.

Flavor Version Tinstall Tcheck Ttotal Status Flags
r-devel-linux-x86_64-debian-clang 0.0-4 3.44 38.67 42.11 NOTE
r-devel-linux-x86_64-debian-gcc 0.0-4 2.97 36.85 39.82 NOTE
r-devel-linux-x86_64-fedora-clang 0.0-4 65.19 NOTE
r-devel-linux-x86_64-fedora-gcc 0.0-4 53.73 NOTE
r-devel-windows-x86_64-new-UL 0.0-4 11.00 70.00 81.00 NOTE
r-devel-windows-x86_64-new-TK 0.0-4 NOTE
r-devel-windows-x86_64-old 0.0-4 6.00 45.00 51.00 NOTE
r-patched-linux-x86_64 0.0-4 3.35 37.61 40.96 NOTE
r-release-linux-x86_64 0.0-4 3.64 46.41 50.05 NOTE
r-release-macos-arm64 0.0-4 NOTE
r-release-macos-x86_64 0.0-4 NOTE
r-release-windows-ix86+x86_64 0.0-4 10.00 66.00 76.00 NOTE
r-oldrel-macos-x86_64 0.0-4 OK
r-oldrel-windows-ix86+x86_64 0.0-4 9.00 62.00 71.00 OK

Check Details

Version: 0.0-4
Check: LazyData
Result: NOTE
     'LazyData' is specified without a 'data' directory
Flavors: r-devel-linux-x86_64-debian-clang, r-devel-linux-x86_64-debian-gcc, r-devel-linux-x86_64-fedora-clang, r-devel-linux-x86_64-fedora-gcc, r-devel-windows-x86_64-new-UL, r-devel-windows-x86_64-new-TK, r-devel-windows-x86_64-old, r-patched-linux-x86_64, r-release-linux-x86_64, r-release-macos-arm64, r-release-macos-x86_64, r-release-windows-ix86+x86_64