Last updated on 2023-04-01 22:53:36 CEST.
Flavor | Version | Tinstall | Tcheck | Ttotal | Status | Flags |
---|---|---|---|---|---|---|
r-devel-linux-x86_64-debian-clang | 0.1.0 | 6.76 | 68.24 | 75.00 | OK | |
r-devel-linux-x86_64-debian-gcc | 0.1.0 | 4.32 | 51.01 | 55.33 | OK | |
r-devel-linux-x86_64-fedora-clang | 0.1.0 | 91.22 | NOTE | |||
r-devel-linux-x86_64-fedora-gcc | 0.1.0 | 99.18 | NOTE | |||
r-devel-windows-x86_64 | 0.1.0 | 11.00 | 97.00 | 108.00 | OK | |
r-patched-linux-x86_64 | 0.1.0 | 6.77 | 63.41 | 70.18 | OK | |
r-release-linux-x86_64 | 0.1.0 | 6.94 | 70.20 | 77.14 | OK | |
r-release-macos-arm64 | 0.1.0 | 29.00 | NOTE | |||
r-release-macos-x86_64 | 0.1.0 | 58.00 | NOTE | |||
r-release-windows-x86_64 | 0.1.0 | 29.00 | 108.00 | 137.00 | OK | |
r-oldrel-macos-arm64 | 0.1.0 | 42.00 | NOTE | |||
r-oldrel-macos-x86_64 | 0.1.0 | 58.00 | NOTE | |||
r-oldrel-windows-ix86+x86_64 | 0.1.0 | 16.00 | 96.00 | 112.00 | OK |
Version: 0.1.0
Check: dependencies in R code
Result: NOTE
Namespace in Imports field not imported from: ‘utils’
All declared Imports should be used.
Flavors: r-devel-linux-x86_64-fedora-clang, r-devel-linux-x86_64-fedora-gcc, r-release-macos-arm64, r-release-macos-x86_64, r-oldrel-macos-arm64, r-oldrel-macos-x86_64