CRAN Package Check Results for Package ColorNameR

Last updated on 2021-12-01 22:53:07 CET.

Flavor Version Tinstall Tcheck Ttotal Status Flags
r-devel-linux-x86_64-debian-clang 0.1.0 2.33 34.43 36.76 OK
r-devel-linux-x86_64-debian-gcc 0.1.0 1.92 25.71 27.63 OK
r-devel-linux-x86_64-fedora-clang 0.1.0 55.40 NOTE
r-devel-linux-x86_64-fedora-gcc 0.1.0 46.27 NOTE
r-devel-windows-x86_64-new-UL 0.1.0 6.00 68.00 74.00 OK
r-devel-windows-x86_64-new-TK 0.1.0 NOTE
r-devel-windows-x86_64-old 0.1.0 5.00 37.00 42.00 OK
r-patched-linux-x86_64 0.1.0 2.44 32.13 34.57 OK
r-patched-solaris-x86 0.1.0 63.30 NOTE
r-release-linux-x86_64 0.1.0 2.43 32.27 34.70 OK
r-release-macos-arm64 0.1.0 NOTE
r-release-macos-x86_64 0.1.0 NOTE
r-release-windows-ix86+x86_64 0.1.0 6.00 51.00 57.00 OK
r-oldrel-macos-x86_64 0.1.0 NOTE
r-oldrel-windows-ix86+x86_64 0.1.0 5.00 68.00 73.00 OK

Check Details

Version: 0.1.0
Check: data for non-ASCII characters
Result: NOTE
     Note: found 742 marked UTF-8 strings
Flavors: r-devel-linux-x86_64-fedora-clang, r-devel-linux-x86_64-fedora-gcc, r-devel-windows-x86_64-new-TK, r-patched-solaris-x86, r-release-macos-arm64, r-release-macos-x86_64, r-oldrel-macos-x86_64