CRAN Package Check Results for Package CondiS

Last updated on 2024-02-21 23:11:25 CET.

Flavor Version Tinstall Tcheck Ttotal Status Flags
r-devel-linux-x86_64-debian-clang 0.1.2 OK
r-devel-linux-x86_64-debian-gcc 0.1.2 12.69 123.60 136.29 OK
r-devel-linux-x86_64-fedora-clang 0.1.2 233.85 NOTE
r-devel-linux-x86_64-fedora-gcc 0.1.2 222.44 NOTE
r-devel-windows-x86_64 0.1.2 15.00 132.00 147.00 OK
r-patched-linux-x86_64 0.1.2 15.79 161.44 177.23 OK
r-release-linux-x86_64 0.1.2 14.03 157.47 171.50 OK
r-release-macos-arm64 0.1.2 69.00 OK
r-release-macos-x86_64 0.1.2 122.00 OK
r-release-windows-x86_64 0.1.2 19.00 164.00 183.00 OK
r-oldrel-macos-arm64 0.1.2 57.00 NOTE
r-oldrel-windows-x86_64 0.1.2 19.00 170.00 189.00 OK

Check Details

Version: 0.1.2
Check: dependencies in R code
Result: NOTE Namespaces in Imports field not imported from: ‘kernlab’ ‘purrr’ ‘survminer’ ‘tidyverse’ All declared Imports should be used. Flavors: r-devel-linux-x86_64-fedora-clang, r-devel-linux-x86_64-fedora-gcc, r-oldrel-macos-arm64