CRAN Package Check Results for Package ConsReg

Last updated on 2021-12-02 22:55:48 CET.

Flavor Version Tinstall Tcheck Ttotal Status Flags
r-devel-linux-x86_64-debian-clang 0.1.0 5.18 51.95 57.13 OK
r-devel-linux-x86_64-debian-gcc 0.1.0 4.10 39.57 43.67 OK
r-devel-linux-x86_64-fedora-clang 0.1.0 82.11 NOTE
r-devel-linux-x86_64-fedora-gcc 0.1.0 72.46 NOTE
r-devel-windows-x86_64-new-UL 0.1.0 16.00 108.00 124.00 OK
r-devel-windows-x86_64-new-TK 0.1.0 OK
r-devel-windows-x86_64-old 0.1.0 10.00 62.00 72.00 OK
r-patched-linux-x86_64 0.1.0 5.12 49.55 54.67 OK
r-patched-solaris-x86 0.1.0 102.10 OK
r-release-linux-x86_64 0.1.0 5.24 49.31 54.55 OK
r-release-macos-arm64 0.1.0 OK
r-release-macos-x86_64 0.1.0 OK
r-release-windows-ix86+x86_64 0.1.0 14.00 111.00 125.00 OK
r-oldrel-macos-x86_64 0.1.0 OK
r-oldrel-windows-ix86+x86_64 0.1.0 15.00 109.00 124.00 OK

Check Details

Version: 0.1.0
Check: compiled code
Result: NOTE
    File ‘ConsReg/libs/ConsReg.so’:
     Found no calls to: ‘R_registerRoutines’, ‘R_useDynamicSymbols’
    
    It is good practice to register native routines and to disable symbol
    search.
    
    See ‘Writing portable packages’ in the ‘Writing R Extensions’ manual.
Flavors: r-devel-linux-x86_64-fedora-clang, r-devel-linux-x86_64-fedora-gcc