CRAN Package Check Results for Package CoordinateCleaner

Last updated on 2024-02-24 21:40:16 CET.

Flavor Version Tinstall Tcheck Ttotal Status Flags
r-devel-linux-x86_64-debian-clang 3.0.1 35.96 347.44 383.40 OK
r-devel-linux-x86_64-debian-gcc 3.0.1 29.09 249.88 278.97 OK
r-devel-linux-x86_64-fedora-clang 3.0.1 480.74 NOTE
r-devel-linux-x86_64-fedora-gcc 3.0.1 451.47 NOTE
r-devel-windows-x86_64 3.0.1 29.00 224.00 253.00 OK
r-patched-linux-x86_64 3.0.1 40.21 334.27 374.48 OK
r-release-linux-x86_64 3.0.1 37.64 324.67 362.31 OK
r-release-macos-arm64 3.0.1 127.00 OK
r-release-macos-x86_64 3.0.1 283.00 OK
r-release-windows-x86_64 3.0.1 40.00 301.00 341.00 OK
r-oldrel-macos-arm64 3.0.1 110.00 OK
r-oldrel-windows-x86_64 3.0.1 43.00 294.00 337.00 OK

Check Details

Version: 3.0.1
Check: data for non-ASCII characters
Result: NOTE Note: found 144 marked UTF-8 strings Flavors: r-devel-linux-x86_64-fedora-clang, r-devel-linux-x86_64-fedora-gcc