CRAN Package Check Results for Package Copula.Markov.survival

Last updated on 2024-02-29 22:58:41 CET.

Flavor Version Tinstall Tcheck Ttotal Status Flags
r-devel-linux-x86_64-debian-clang 1.0.0 9.00 79.22 88.22 NOTE
r-devel-linux-x86_64-debian-gcc 1.0.0 8.71 59.26 67.97 NOTE
r-devel-linux-x86_64-fedora-clang 1.0.0 110.86 NOTE
r-devel-linux-x86_64-fedora-gcc 1.0.0 104.32 NOTE
r-devel-windows-x86_64 1.0.0 10.00 71.00 81.00 NOTE
r-patched-linux-x86_64 1.0.0 10.88 75.79 86.67 NOTE
r-release-linux-x86_64 1.0.0 9.56 76.85 86.41 NOTE
r-release-macos-arm64 1.0.0 37.00 NOTE
r-release-macos-x86_64 1.0.0 56.00 NOTE
r-release-windows-x86_64 1.0.0 12.00 86.00 98.00 NOTE
r-oldrel-macos-arm64 1.0.0 33.00 NOTE
r-oldrel-windows-x86_64 1.0.0 13.00 89.00 102.00 NOTE

Check Details

Version: 1.0.0
Check: LazyData
Result: NOTE 'LazyData' is specified without a 'data' directory Flavors: r-devel-linux-x86_64-debian-clang, r-devel-linux-x86_64-debian-gcc, r-devel-linux-x86_64-fedora-clang, r-devel-linux-x86_64-fedora-gcc, r-devel-windows-x86_64, r-patched-linux-x86_64, r-release-linux-x86_64, r-release-macos-arm64, r-release-macos-x86_64, r-release-windows-x86_64, r-oldrel-macos-arm64, r-oldrel-windows-x86_64