CRAN Package Check Results for Package CorBin

Last updated on 2021-12-04 22:59:30 CET.

Flavor Version Tinstall Tcheck Ttotal Status Flags
r-devel-linux-x86_64-debian-clang 1.0.0 2.57 21.38 23.95 NOTE
r-devel-linux-x86_64-debian-gcc 1.0.0 1.60 23.26 24.86 NOTE
r-devel-linux-x86_64-fedora-clang 1.0.0 40.31 NOTE
r-devel-linux-x86_64-fedora-gcc 1.0.0 30.27 NOTE
r-devel-windows-x86_64-new-UL 1.0.0 8.00 51.00 59.00 NOTE
r-devel-windows-x86_64-new-TK 1.0.0 NOTE
r-devel-windows-x86_64-old 1.0.0 4.00 25.00 29.00 NOTE
r-patched-linux-x86_64 1.0.0 2.21 20.81 23.02 NOTE
r-release-linux-x86_64 1.0.0 2.40 20.51 22.91 NOTE
r-release-macos-arm64 1.0.0 NOTE
r-release-macos-x86_64 1.0.0 NOTE
r-release-windows-ix86+x86_64 1.0.0 6.00 33.00 39.00 NOTE
r-oldrel-macos-x86_64 1.0.0 OK
r-oldrel-windows-ix86+x86_64 1.0.0 5.00 28.00 33.00 OK

Check Details

Version: 1.0.0
Check: LazyData
Result: NOTE
     'LazyData' is specified without a 'data' directory
Flavors: r-devel-linux-x86_64-debian-clang, r-devel-linux-x86_64-debian-gcc, r-devel-linux-x86_64-fedora-clang, r-devel-linux-x86_64-fedora-gcc, r-devel-windows-x86_64-new-UL, r-devel-windows-x86_64-new-TK, r-devel-windows-x86_64-old, r-patched-linux-x86_64, r-release-linux-x86_64, r-release-macos-arm64, r-release-macos-x86_64, r-release-windows-ix86+x86_64