CRAN Package Check Results for Package Corbi

Last updated on 2022-01-28 23:00:31 CET.

Flavor Version Tinstall Tcheck Ttotal Status Flags
r-devel-linux-x86_64-debian-clang 0.6-1 13.20 125.45 138.65 OK
r-devel-linux-x86_64-debian-gcc 0.6-1 9.92 86.60 96.52 OK
r-devel-linux-x86_64-fedora-clang 0.6-1 158.95 OK
r-devel-linux-x86_64-fedora-gcc 0.6-1 147.97 OK
r-devel-windows-x86_64-new-UL 0.6-1 54.00 161.00 215.00 OK
r-devel-windows-x86_64-new-TK 0.6-1 OK
r-patched-linux-x86_64 0.6-1 12.58 105.21 117.79 OK
r-release-linux-x86_64 0.6-1 12.21 106.27 118.48 OK
r-release-macos-arm64 0.6-1 NOTE
r-release-macos-x86_64 0.6-1 OK
r-release-windows-ix86+x86_64 0.6-1 31.00 172.00 203.00 OK
r-oldrel-macos-x86_64 0.6-1 OK
r-oldrel-windows-ix86+x86_64 0.6-1 30.00 172.00 202.00 OK

Check Details

Version: 0.6-1
Check: package dependencies
Result: NOTE
    Package suggested but not available for checking: ‘BiocParallel’
Flavor: r-release-macos-arm64