CRAN Package Check Results for Package CorrectedFDR

Last updated on 2021-11-26 23:03:21 CET.

Flavor Version Tinstall Tcheck Ttotal Status Flags
r-devel-linux-x86_64-debian-clang 1.1 1.86 19.03 20.89 OK
r-devel-linux-x86_64-debian-gcc 1.1 1.41 15.28 16.69 OK
r-devel-linux-x86_64-fedora-clang 1.1 36.19 OK
r-devel-linux-x86_64-fedora-gcc 1.1 26.21 OK
r-devel-windows-x86_64-new-UL 1.1 6.00 51.00 57.00 OK
r-devel-windows-x86_64-new-TK 1.1 OK
r-devel-windows-x86_64-old 1.1 3.00 37.00 40.00 OK
r-patched-linux-x86_64 1.1 1.78 18.50 20.28 OK
r-patched-solaris-x86 1.1 41.70 OK
r-release-linux-x86_64 1.1 OK
r-release-macos-arm64 1.1 NOTE
r-release-macos-x86_64 1.1 NOTE
r-release-windows-ix86+x86_64 1.1 5.00 26.00 31.00 NOTE
r-oldrel-macos-x86_64 1.1 NOTE
r-oldrel-windows-ix86+x86_64 1.1 4.00 37.00 41.00 NOTE

Check Details

Version: 1.1
Check: package dependencies
Result: NOTE
    Package suggested but not available for checking: ‘ProData’
Flavors: r-release-macos-arm64, r-release-macos-x86_64, r-release-windows-ix86+x86_64, r-oldrel-macos-x86_64, r-oldrel-windows-ix86+x86_64