Last updated on 2022-05-15 22:51:34 CEST.
Flavor | Version | Tinstall | Tcheck | Ttotal | Status | Flags |
---|---|---|---|---|---|---|
r-devel-linux-x86_64-debian-clang | 3.0 | 8.29 | 109.78 | 118.07 | OK | |
r-devel-linux-x86_64-debian-gcc | 3.0 | 9.34 | 81.84 | 91.18 | OK | |
r-devel-linux-x86_64-fedora-clang | 3.0 | 147.98 | NOTE | |||
r-devel-linux-x86_64-fedora-gcc | 3.0 | 140.07 | OK | |||
r-devel-windows-x86_64 | 3.0 | 42.00 | 144.00 | 186.00 | OK | |
r-patched-linux-x86_64 | 3.0 | 10.44 | 104.35 | 114.79 | OK | |
r-release-linux-x86_64 | 3.0 | 8.27 | 102.68 | 110.95 | OK | |
r-release-macos-arm64 | 3.0 | 43.00 | OK | |||
r-release-macos-x86_64 | 3.0 | 60.00 | OK | |||
r-release-windows-x86_64 | 3.0 | 45.00 | 148.00 | 193.00 | OK | |
r-oldrel-macos-arm64 | 3.0 | 52.00 | OK | |||
r-oldrel-macos-x86_64 | 3.0 | 87.00 | OK | |||
r-oldrel-windows-ix86+x86_64 | 3.0 | 22.00 | 134.00 | 156.00 | OK |
Version: 3.0
Check: Rd cross-references
Result: NOTE
Undeclared package ‘betareg’ in Rd xrefs
Flavor: r-devel-linux-x86_64-fedora-clang