CRAN Package Check Results for Package CruzPlot

Last updated on 2022-01-26 22:54:46 CET.

Flavor Version Tinstall Tcheck Ttotal Status Flags
r-devel-linux-x86_64-debian-clang 1.4.7 3.48 44.62 48.10 OK
r-devel-linux-x86_64-debian-gcc 1.4.7 2.61 34.62 37.23 OK
r-devel-linux-x86_64-fedora-clang 1.4.7 57.35 NOTE
r-devel-linux-x86_64-fedora-gcc 1.4.7 47.07 NOTE
r-devel-windows-x86_64-new-UL 1.4.7 46.00 65.00 111.00 OK
r-devel-windows-x86_64-new-TK 1.4.7 NOTE
r-patched-linux-x86_64 1.4.7 3.25 41.54 44.79 OK
r-release-linux-x86_64 1.4.7 3.22 41.35 44.57 OK
r-release-macos-arm64 1.4.7 NOTE
r-release-macos-x86_64 1.4.7 NOTE
r-release-windows-ix86+x86_64 1.4.7 11.00 57.00 68.00 OK
r-oldrel-macos-x86_64 1.4.7 NOTE
r-oldrel-windows-ix86+x86_64 1.4.7 12.00 55.00 67.00 OK

Check Details

Version: 1.4.7
Check: dependencies in R code
Result: NOTE
    Namespaces in Imports field not imported from:
     ‘DT’ ‘dplyr’ ‘geosphere’ ‘mapdata’ ‘maps’ ‘marmap’ ‘shinydashboard’
     ‘shinyjs’ ‘stringr’ ‘swfscDAS’
     All declared Imports should be used.
Flavors: r-devel-linux-x86_64-fedora-clang, r-devel-linux-x86_64-fedora-gcc, r-devel-windows-x86_64-new-TK, r-release-macos-arm64, r-release-macos-x86_64, r-oldrel-macos-x86_64