Last updated on 2023-03-29 23:09:00 CEST.
Flavor | Version | Tinstall | Tcheck | Ttotal | Status | Flags |
---|---|---|---|---|---|---|
r-devel-linux-x86_64-debian-clang | 0.4.2.1 | 14.66 | 55.08 | 69.74 | OK | |
r-devel-linux-x86_64-debian-gcc | 0.4.2.1 | 13.56 | 42.07 | 55.63 | OK | |
r-devel-linux-x86_64-fedora-clang | 0.4.2.1 | 87.69 | NOTE | |||
r-devel-linux-x86_64-fedora-gcc | 0.4.2.1 | 95.78 | OK | |||
r-devel-windows-x86_64 | 0.4.2.1 | 62.00 | 97.00 | 159.00 | OK | |
r-patched-linux-x86_64 | 0.4.2.1 | 13.76 | 52.37 | 66.13 | OK | |
r-release-linux-x86_64 | 0.4.2.1 | 14.23 | 53.34 | 67.57 | OK | |
r-release-macos-arm64 | 0.4.2.1 | 33.00 | OK | |||
r-release-macos-x86_64 | 0.4.2.1 | 44.00 | OK | |||
r-release-windows-x86_64 | 0.4.2.1 | 51.00 | 97.00 | 148.00 | OK | |
r-oldrel-macos-arm64 | 0.4.2.1 | 33.00 | OK | |||
r-oldrel-macos-x86_64 | 0.4.2.1 | 47.00 | OK | |||
r-oldrel-windows-ix86+x86_64 | 0.4.2.1 | 51.00 | 104.00 | 155.00 | OK |
Version: 0.4.2.1
Check: Rd cross-references
Result: NOTE
Undeclared package ‘caret’ in Rd xrefs
Flavor: r-devel-linux-x86_64-fedora-clang