CRAN Package Check Results for Package DALEX

Last updated on 2024-04-14 22:54:15 CEST.

Flavor Version Tinstall Tcheck Ttotal Status Flags
r-devel-linux-x86_64-debian-clang 2.4.3 9.63 204.25 213.88 NOTE
r-devel-linux-x86_64-debian-gcc 2.4.3 6.64 180.98 187.62 NOTE
r-devel-linux-x86_64-fedora-clang 2.4.3 305.93 NOTE
r-devel-linux-x86_64-fedora-gcc 2.4.3 312.18 NOTE
r-devel-windows-x86_64 2.4.3 14.00 201.00 215.00 NOTE
r-patched-linux-x86_64 2.4.3 13.13 189.61 202.74 NOTE
r-release-linux-x86_64 2.4.3 7.63 195.89 203.52 OK
r-release-macos-arm64 2.4.3 78.00 OK
r-release-macos-x86_64 2.4.3 107.00 OK
r-release-windows-x86_64 2.4.3 17.00 243.00 260.00 OK
r-oldrel-macos-arm64 2.4.3 62.00 OK
r-oldrel-windows-x86_64 2.4.3 16.00 243.00 259.00 OK

Additional issues

M1mac

Check Details

Version: 2.4.3
Check: Rd files
Result: NOTE checkRd: (-1) plot.model_parts.Rd:25: Lost braces in \itemize; meant \describe ? checkRd: (-1) plot.model_parts.Rd:26: Lost braces in \itemize; meant \describe ? checkRd: (-1) plot.model_parts.Rd:27: Lost braces in \itemize; meant \describe ? checkRd: (-1) plot.model_parts.Rd:28: Lost braces in \itemize; meant \describe ? checkRd: (-1) plot.model_parts.Rd:29: Lost braces in \itemize; meant \describe ? checkRd: (-1) plot.model_parts.Rd:30-31: Lost braces in \itemize; meant \describe ? checkRd: (-1) plot.model_profile.Rd:21-22: Lost braces in \itemize; \value handles \item{}{} directly checkRd: (-1) plot.model_profile.Rd:23: Lost braces in \itemize; \value handles \item{}{} directly checkRd: (-1) plot.model_profile.Rd:24: Lost braces in \itemize; \value handles \item{}{} directly checkRd: (-1) plot.model_profile.Rd:25: Lost braces in \itemize; \value handles \item{}{} directly checkRd: (-1) plot.model_profile.Rd:26: Lost braces in \itemize; \value handles \item{}{} directly checkRd: (-1) plot.model_profile.Rd:27: Lost braces in \itemize; \value handles \item{}{} directly checkRd: (-1) plot.model_profile.Rd:28: Lost braces in \itemize; \value handles \item{}{} directly checkRd: (-1) plot.predict_parts.Rd:25: Lost braces in \itemize; meant \describe ? checkRd: (-1) plot.predict_parts.Rd:26-27: Lost braces in \itemize; meant \describe ? checkRd: (-1) plot.predict_parts.Rd:28: Lost braces in \itemize; meant \describe ? checkRd: (-1) plot.predict_parts.Rd:29: Lost braces in \itemize; meant \describe ? checkRd: (-1) plot.predict_parts.Rd:30: Lost braces in \itemize; meant \describe ? checkRd: (-1) plot.predict_parts.Rd:31: Lost braces in \itemize; meant \describe ? checkRd: (-1) plot.predict_parts.Rd:32: Lost braces in \itemize; meant \describe ? checkRd: (-1) plot.predict_parts.Rd:33: Lost braces in \itemize; meant \describe ? checkRd: (-1) plot.predict_parts.Rd:34-35: Lost braces in \itemize; meant \describe ? checkRd: (-1) plot.predict_parts.Rd:36: Lost braces in \itemize; meant \describe ? checkRd: (-1) plot.predict_parts.Rd:37: Lost braces in \itemize; meant \describe ? checkRd: (-1) plot.predict_parts.Rd:38-39: Lost braces in \itemize; meant \describe ? checkRd: (-1) plot.predict_parts.Rd:40: Lost braces in \itemize; meant \describe ? checkRd: (-1) plot.predict_parts.Rd:45: Lost braces in \itemize; meant \describe ? checkRd: (-1) plot.predict_parts.Rd:46: Lost braces in \itemize; meant \describe ? checkRd: (-1) plot.predict_parts.Rd:47: Lost braces in \itemize; meant \describe ? checkRd: (-1) plot.predict_parts.Rd:48: Lost braces in \itemize; meant \describe ? checkRd: (-1) plot.predict_parts.Rd:53: Lost braces in \itemize; meant \describe ? checkRd: (-1) plot.predict_profile.Rd:25: Lost braces in \itemize; meant \describe ? checkRd: (-1) plot.predict_profile.Rd:26: Lost braces in \itemize; meant \describe ? checkRd: (-1) plot.predict_profile.Rd:27: Lost braces in \itemize; meant \describe ? checkRd: (-1) plot.predict_profile.Rd:28: Lost braces in \itemize; meant \describe ? checkRd: (-1) plot.predict_profile.Rd:29: Lost braces in \itemize; meant \describe ? checkRd: (-1) plot.predict_profile.Rd:30-31: Lost braces in \itemize; meant \describe ? checkRd: (-1) plot.predict_profile.Rd:32: Lost braces in \itemize; meant \describe ? checkRd: (-1) plot.predict_profile.Rd:33-34: Lost braces in \itemize; meant \describe ? checkRd: (-1) plot.predict_profile.Rd:35: Lost braces in \itemize; meant \describe ? Flavors: r-devel-linux-x86_64-debian-clang, r-devel-linux-x86_64-debian-gcc, r-devel-linux-x86_64-fedora-clang, r-devel-linux-x86_64-fedora-gcc, r-devel-windows-x86_64, r-patched-linux-x86_64