CRAN Package Check Results for Package DAMisc

Last updated on 2021-12-07 22:59:27 CET.

Flavor Version Tinstall Tcheck Ttotal Status Flags
r-devel-linux-x86_64-debian-clang 1.6.2 52.69 434.74 487.43 OK
r-devel-linux-x86_64-debian-gcc 1.6.2 39.04 328.49 367.53 OK
r-devel-linux-x86_64-fedora-clang 1.6.2 609.13 NOTE
r-devel-linux-x86_64-fedora-gcc 1.6.2 587.94 NOTE
r-devel-windows-x86_64-new-UL 1.6.2 78.00 495.00 573.00 OK
r-devel-windows-x86_64-new-TK 1.6.2 NOTE
r-devel-windows-x86_64-old 1.6.2 80.00 520.00 600.00 OK
r-patched-linux-x86_64 1.6.2 52.77 439.50 492.27 OK
r-release-linux-x86_64 1.6.2 48.46 442.37 490.83 OK
r-release-macos-arm64 1.6.2 NOTE
r-release-macos-x86_64 1.6.2 NOTE
r-release-windows-ix86+x86_64 1.6.2 79.00 505.00 584.00 OK
r-oldrel-macos-x86_64 1.6.2 NOTE
r-oldrel-windows-ix86+x86_64 1.6.2 114.00 524.00 638.00 OK

Check Details

Version: 1.6.2
Check: package dependencies
Result: NOTE
    Imports includes 27 non-default packages.
    Importing from so many packages makes the package vulnerable to any of
    them becoming unavailable. Move as many as possible to Suggests and
    use conditionally.
Flavor: r-devel-linux-x86_64-fedora-clang

Version: 1.6.2
Check: dependencies in R code
Result: NOTE
    Namespace in Imports field not imported from: ‘gamlss’
     All declared Imports should be used.
Flavors: r-devel-linux-x86_64-fedora-clang, r-devel-linux-x86_64-fedora-gcc, r-devel-windows-x86_64-new-TK, r-release-macos-arm64, r-release-macos-x86_64, r-oldrel-macos-x86_64