CRAN Package Check Results for Package DCEM

Last updated on 2022-01-17 22:54:34 CET.

Flavor Version Tinstall Tcheck Ttotal Status Flags
r-devel-linux-x86_64-debian-clang 2.0.4 18.47 44.25 62.72 OK
r-devel-linux-x86_64-debian-gcc 2.0.5 11.68 35.55 47.23 OK
r-devel-linux-x86_64-fedora-clang 2.0.5 93.63 OK
r-devel-linux-x86_64-fedora-gcc 2.0.5 70.51 OK
r-devel-windows-x86_64-new-UL 2.0.4 47.00 92.00 139.00 OK
r-devel-windows-x86_64-new-TK 2.0.4 NOTE
r-patched-linux-x86_64 2.0.4 17.36 42.70 60.06 OK
r-release-linux-x86_64 2.0.4 OK
r-release-macos-arm64 2.0.5 OK
r-release-macos-x86_64 2.0.5 OK
r-release-windows-ix86+x86_64 2.0.4 48.00 77.00 125.00 OK
r-oldrel-macos-x86_64 2.0.4 NOTE
r-oldrel-windows-ix86+x86_64 2.0.4 47.00 76.00 123.00 OK

Check Details

Version: 2.0.4
Check: dependencies in R code
Result: NOTE
    Namespace in Imports field not imported from: 'MASS'
     All declared Imports should be used.
Flavors: r-devel-windows-x86_64-new-TK, r-oldrel-macos-x86_64