CRAN Package Check Results for Package DCEtool

Last updated on 2021-12-07 22:59:27 CET.

Flavor Version Tinstall Tcheck Ttotal Status Flags
r-devel-linux-x86_64-debian-clang 0.3.1 12.90 108.95 121.85 OK
r-devel-linux-x86_64-debian-gcc 0.3.1 10.08 82.57 92.65 OK
r-devel-linux-x86_64-fedora-clang 0.3.1 145.83 NOTE
r-devel-linux-x86_64-fedora-gcc 0.3.1 133.54 NOTE
r-devel-windows-x86_64-new-UL 0.3.1 21.00 138.00 159.00 OK
r-devel-windows-x86_64-new-TK 0.3.1 NOTE
r-devel-windows-x86_64-old 0.3.1 18.00 124.00 142.00 OK
r-patched-linux-x86_64 0.3.1 10.39 101.81 112.20 OK
r-release-linux-x86_64 0.3.1 9.48 101.51 110.99 OK
r-release-macos-arm64 0.3.1 NOTE
r-release-macos-x86_64 0.3.1 NOTE
r-release-windows-ix86+x86_64 0.3.1 20.00 127.00 147.00 OK
r-oldrel-macos-x86_64 0.3.1 NOTE
r-oldrel-windows-ix86+x86_64 0.3.1 29.00 122.00 151.00 OK

Check Details

Version: 0.3.1
Check: dependencies in R code
Result: NOTE
    Namespaces in Imports field not imported from:
     ‘commonmark’ ‘htmltools’ ‘readxl’
     All declared Imports should be used.
Flavors: r-devel-linux-x86_64-fedora-clang, r-devel-linux-x86_64-fedora-gcc, r-devel-windows-x86_64-new-TK, r-release-macos-arm64, r-release-macos-x86_64, r-oldrel-macos-x86_64