CRAN Package Check Results for Package DDPNA

Last updated on 2022-01-25 22:56:53 CET.

Flavor Version Tinstall Tcheck Ttotal Status Flags
r-devel-linux-x86_64-debian-clang 0.3.0 20.22 195.31 215.53 OK
r-devel-linux-x86_64-debian-gcc 0.3.0 19.27 159.71 178.98 OK
r-devel-linux-x86_64-fedora-clang 0.3.0 249.02 OK
r-devel-linux-x86_64-fedora-gcc 0.3.0 247.77 OK
r-devel-windows-x86_64-new-UL 0.3.0 50.00 210.00 260.00 OK
r-devel-windows-x86_64-new-TK 0.3.0 OK
r-patched-linux-x86_64 0.3.0 21.90 173.95 195.85 OK
r-release-linux-x86_64 0.3.0 15.39 176.51 191.90 OK
r-release-macos-arm64 0.3.0 NOTE
r-release-macos-x86_64 0.3.0 NOTE
r-release-windows-ix86+x86_64 0.3.0 46.00 203.00 249.00 OK
r-oldrel-macos-x86_64 0.3.0 OK
r-oldrel-windows-ix86+x86_64 0.3.0 45.00 206.00 251.00 OK

Check Details

Version: 0.3.0
Check: package dependencies
Result: NOTE
    Package suggested but not available for checking: ‘WGCNA’
Flavors: r-release-macos-arm64, r-release-macos-x86_64