CRAN Package Check Results for Package DELTD

Last updated on 2021-12-04 22:59:31 CET.

Flavor Version Tinstall Tcheck Ttotal Status Flags
r-devel-linux-x86_64-debian-clang 2.6.7 2.24 35.03 37.27 NOTE
r-devel-linux-x86_64-debian-gcc 2.6.7 1.62 27.79 29.41 NOTE
r-devel-linux-x86_64-fedora-clang 2.6.7 46.05 NOTE
r-devel-linux-x86_64-fedora-gcc 2.6.7 37.27 NOTE
r-devel-windows-x86_64-new-UL 2.6.7 9.00 62.00 71.00 NOTE
r-devel-windows-x86_64-new-TK 2.6.7 NOTE
r-devel-windows-x86_64-old 2.6.7 4.00 36.00 40.00 NOTE
r-patched-linux-x86_64 2.6.7 2.37 25.95 28.32 NOTE
r-release-linux-x86_64 2.6.7 1.97 26.12 28.09 NOTE
r-release-macos-arm64 2.6.7 NOTE
r-release-macos-x86_64 2.6.7 NOTE
r-release-windows-ix86+x86_64 2.6.7 7.00 44.00 51.00 NOTE
r-oldrel-macos-x86_64 2.6.7 OK
r-oldrel-windows-ix86+x86_64 2.6.7 6.00 48.00 54.00 OK

Check Details

Version: 2.6.7
Check: LazyData
Result: NOTE
     'LazyData' is specified without a 'data' directory
Flavors: r-devel-linux-x86_64-debian-clang, r-devel-linux-x86_64-debian-gcc, r-devel-linux-x86_64-fedora-clang, r-devel-linux-x86_64-fedora-gcc, r-devel-windows-x86_64-new-UL, r-devel-windows-x86_64-new-TK, r-devel-windows-x86_64-old, r-patched-linux-x86_64, r-release-linux-x86_64, r-release-macos-arm64, r-release-macos-x86_64, r-release-windows-ix86+x86_64