Last updated on 2023-05-29 23:03:43 CEST.
Flavor | Version | Tinstall | Tcheck | Ttotal | Status | Flags |
---|---|---|---|---|---|---|
r-devel-linux-x86_64-debian-clang | 0.4.6 | 13.98 | 305.57 | 319.55 | OK | |
r-devel-linux-x86_64-debian-gcc | 0.4.6 | 10.92 | 226.41 | 237.33 | OK | |
r-devel-linux-x86_64-fedora-clang | 0.4.6 | 388.20 | NOTE | |||
r-devel-linux-x86_64-fedora-gcc | 0.4.6 | 447.58 | OK | |||
r-devel-windows-x86_64 | 0.4.6 | 12.00 | 247.00 | 259.00 | NOTE | |
r-patched-linux-x86_64 | 0.4.6 | 10.34 | 290.63 | 300.97 | OK | |
r-release-linux-x86_64 | 0.4.6 | 12.71 | 289.45 | 302.16 | OK | |
r-release-macos-arm64 | 0.4.6 | 126.00 | NOTE | |||
r-release-macos-x86_64 | 0.4.6 | 170.00 | NOTE | |||
r-release-windows-x86_64 | 0.4.6 | 16.00 | 310.00 | 326.00 | NOTE | |
r-oldrel-macos-arm64 | 0.4.6 | 110.00 | NOTE | |||
r-oldrel-macos-x86_64 | 0.4.6 | 151.00 | NOTE | |||
r-oldrel-windows-x86_64 | 0.4.6 | 16.00 | 302.00 | 318.00 | NOTE |
Version: 0.4.6
Check: installed package size
Result: NOTE
installed size is 5.5Mb
sub-directories of 1Mb or more:
doc 5.1Mb
Flavors: r-devel-linux-x86_64-fedora-clang, r-devel-windows-x86_64, r-release-macos-arm64, r-release-macos-x86_64, r-release-windows-x86_64, r-oldrel-macos-arm64, r-oldrel-macos-x86_64, r-oldrel-windows-x86_64
Version: 0.4.6
Check: package dependencies
Result: NOTE
Packages suggested but not available for checking: 'spaMM', 'glmmTMB'
Packages which this enhances but not available for checking:
'rstan', 'BayesianTools'
Flavor: r-release-macos-x86_64