CRAN Package Check Results for Package DIFshiny

Last updated on 2021-11-26 23:03:22 CET.

Flavor Version Tinstall Tcheck Ttotal Status Flags
r-devel-linux-x86_64-debian-clang 0.1.0 12.36 84.77 97.13 NOTE
r-devel-linux-x86_64-debian-gcc 0.1.0 8.73 66.95 75.68 NOTE
r-devel-linux-x86_64-fedora-clang 0.1.0 124.51 NOTE
r-devel-linux-x86_64-fedora-gcc 0.1.0 115.96 NOTE
r-devel-windows-x86_64-new-UL 0.1.0 18.00 120.00 138.00 NOTE
r-devel-windows-x86_64-new-TK 0.1.0 NOTE
r-devel-windows-x86_64-old 0.1.0 14.00 109.00 123.00 NOTE
r-patched-linux-x86_64 0.1.0 11.18 82.39 93.57 NOTE
r-patched-solaris-x86 0.1.0 168.70 NOTE
r-release-linux-x86_64 0.1.0 NOTE
r-release-macos-arm64 0.1.0 NOTE
r-release-macos-x86_64 0.1.0 NOTE
r-release-windows-ix86+x86_64 0.1.0 26.00 79.00 105.00 NOTE
r-oldrel-macos-x86_64 0.1.0 OK
r-oldrel-windows-ix86+x86_64 0.1.0 31.00 110.00 141.00 OK

Check Details

Version: 0.1.0
Check: LazyData
Result: NOTE
     'LazyData' is specified without a 'data' directory
Flavors: r-devel-linux-x86_64-debian-clang, r-devel-linux-x86_64-debian-gcc, r-devel-linux-x86_64-fedora-clang, r-devel-linux-x86_64-fedora-gcc, r-devel-windows-x86_64-new-UL, r-devel-windows-x86_64-new-TK, r-devel-windows-x86_64-old, r-patched-linux-x86_64, r-patched-solaris-x86, r-release-linux-x86_64, r-release-macos-arm64, r-release-macos-x86_64, r-release-windows-ix86+x86_64