CRAN Package Check Results for Package DOPE

Last updated on 2023-05-29 23:03:43 CEST.

Flavor Version Tinstall Tcheck Ttotal Status Flags
r-devel-linux-x86_64-debian-clang 2.1.0 10.81 122.70 133.51 OK
r-devel-linux-x86_64-debian-gcc 2.1.0 9.34 93.39 102.73 OK
r-devel-linux-x86_64-fedora-clang 2.1.0 163.45 NOTE
r-devel-linux-x86_64-fedora-gcc 2.1.0 169.33 NOTE
r-devel-windows-x86_64 2.1.0 12.00 109.00 121.00 OK
r-patched-linux-x86_64 2.1.0 7.50 115.95 123.45 OK
r-release-linux-x86_64 2.1.0 11.25 116.42 127.67 OK
r-release-macos-arm64 2.1.0 67.00 OK
r-release-macos-x86_64 2.1.0 98.00 OK
r-release-windows-x86_64 2.1.0 15.00 133.00 148.00 OK
r-oldrel-macos-arm64 2.1.0 49.00 NOTE
r-oldrel-macos-x86_64 2.1.0 99.00 NOTE
r-oldrel-windows-x86_64 2.1.0 14.00 133.00 147.00 OK

Check Details

Version: 2.1.0
Check: data for non-ASCII characters
Result: NOTE
     Note: found 100 marked UTF-8 strings
Flavors: r-devel-linux-x86_64-fedora-clang, r-devel-linux-x86_64-fedora-gcc, r-oldrel-macos-arm64, r-oldrel-macos-x86_64