CRAN Package Check Results for Package DSjobtracker

Last updated on 2022-05-20 22:53:09 CEST.

Flavor Version Tinstall Tcheck Ttotal Status Flags
r-devel-linux-x86_64-debian-clang 0.1.1 2.22 42.47 44.69 OK
r-devel-linux-x86_64-debian-gcc 0.1.1 1.61 32.77 34.38 OK
r-devel-linux-x86_64-fedora-clang 0.1.1 54.68 NOTE
r-devel-linux-x86_64-fedora-gcc 0.1.1 51.31 NOTE
r-devel-windows-x86_64 0.1.1 17.00 62.00 79.00 OK
r-patched-linux-x86_64 0.1.1 2.10 41.79 43.89 OK
r-release-linux-x86_64 0.1.1 1.48 40.77 42.25 OK
r-release-macos-arm64 0.1.1 21.00 NOTE
r-release-macos-x86_64 0.1.1 28.00 NOTE
r-release-windows-x86_64 0.1.1 22.00 63.00 85.00 OK
r-oldrel-macos-arm64 0.1.1 28.00 NOTE
r-oldrel-macos-x86_64 0.1.1 32.00 NOTE
r-oldrel-windows-ix86+x86_64 0.1.1 7.00 60.00 67.00 OK

Check Details

Version: 0.1.1
Check: data for non-ASCII characters
Result: NOTE
     Note: found 149 marked UTF-8 strings
Flavors: r-devel-linux-x86_64-fedora-clang, r-devel-linux-x86_64-fedora-gcc, r-release-macos-arm64, r-release-macos-x86_64, r-oldrel-macos-arm64, r-oldrel-macos-x86_64