CRAN Package Check Results for Package DTRreg

Last updated on 2022-01-16 22:51:10 CET.

Flavor Version Tinstall Tcheck Ttotal Status Flags
r-devel-linux-x86_64-debian-clang 1.7 6.95 73.26 80.21 NOTE
r-devel-linux-x86_64-debian-gcc 1.7 6.02 61.24 67.26 NOTE
r-devel-linux-x86_64-fedora-clang 1.7 96.52 NOTE
r-devel-linux-x86_64-fedora-gcc 1.7 84.45 NOTE
r-devel-windows-x86_64-new-UL 1.7 23.00 84.00 107.00 NOTE
r-devel-windows-x86_64-new-TK 1.7 NOTE
r-patched-linux-x86_64 1.7 4.46 69.00 73.46 NOTE
r-release-linux-x86_64 1.7 NOTE
r-release-macos-arm64 1.7 NOTE
r-release-macos-x86_64 1.7 NOTE
r-release-windows-ix86+x86_64 1.7 15.00 87.00 102.00 NOTE
r-oldrel-macos-x86_64 1.7 OK
r-oldrel-windows-ix86+x86_64 1.7 15.00 89.00 104.00 OK

Check Details

Version: 1.7
Check: LazyData
Result: NOTE
     'LazyData' is specified without a 'data' directory
Flavors: r-devel-linux-x86_64-debian-clang, r-devel-linux-x86_64-debian-gcc, r-devel-linux-x86_64-fedora-clang, r-devel-linux-x86_64-fedora-gcc, r-devel-windows-x86_64-new-UL, r-devel-windows-x86_64-new-TK, r-patched-linux-x86_64, r-release-linux-x86_64, r-release-macos-arm64, r-release-macos-x86_64, r-release-windows-ix86+x86_64