CRAN Package Check Results for Package DWLasso

Last updated on 2022-01-15 21:52:09 CET.

Flavor Version Tinstall Tcheck Ttotal Status Flags
r-devel-linux-x86_64-debian-clang 1.1 10.77 115.10 125.87 NOTE
r-devel-linux-x86_64-debian-gcc 1.1 9.02 86.20 95.22 NOTE
r-devel-linux-x86_64-fedora-clang 1.1 155.59 NOTE
r-devel-linux-x86_64-fedora-gcc 1.1 139.35 NOTE
r-devel-windows-x86_64-new-UL 1.1 23.00 130.00 153.00 NOTE
r-devel-windows-x86_64-new-TK 1.1 NOTE
r-patched-linux-x86_64 1.1 8.36 108.55 116.91 NOTE
r-release-linux-x86_64 1.1 7.66 107.26 114.92 NOTE
r-release-macos-arm64 1.1 NOTE
r-release-macos-x86_64 1.1 NOTE
r-release-windows-ix86+x86_64 1.1 27.00 132.00 159.00 NOTE
r-oldrel-macos-x86_64 1.1 OK
r-oldrel-windows-ix86+x86_64 1.1 29.00 132.00 161.00 OK

Check Details

Version: 1.1
Check: LazyData
Result: NOTE
     'LazyData' is specified without a 'data' directory
Flavors: r-devel-linux-x86_64-debian-clang, r-devel-linux-x86_64-debian-gcc, r-devel-linux-x86_64-fedora-clang, r-devel-linux-x86_64-fedora-gcc, r-devel-windows-x86_64-new-UL, r-devel-windows-x86_64-new-TK, r-patched-linux-x86_64, r-release-linux-x86_64, r-release-macos-arm64, r-release-macos-x86_64, r-release-windows-ix86+x86_64