CRAN Package Check Results for Package DataExplorer

Last updated on 2022-01-18 22:47:20 CET.

Flavor Version Tinstall Tcheck Ttotal Status Flags
r-devel-linux-x86_64-debian-clang 0.8.2 6.56 260.79 267.35 NOTE
r-devel-linux-x86_64-debian-gcc 0.8.2 5.71 201.24 206.95 NOTE
r-devel-linux-x86_64-fedora-clang 0.8.2 300.20 NOTE
r-devel-linux-x86_64-fedora-gcc 0.8.2 277.38 NOTE
r-devel-windows-x86_64-new-UL 0.8.2 158.00 305.00 463.00 NOTE
r-devel-windows-x86_64-new-TK 0.8.2 NOTE
r-patched-linux-x86_64 0.8.2 11.09 227.05 238.14 NOTE
r-release-linux-x86_64 0.8.2 NOTE
r-release-macos-arm64 0.8.2 NOTE
r-release-macos-x86_64 0.8.2 NOTE
r-release-windows-ix86+x86_64 0.8.2 18.00 264.00 282.00 NOTE
r-oldrel-macos-x86_64 0.8.2 OK
r-oldrel-windows-ix86+x86_64 0.8.2 17.00 267.00 284.00 OK

Check Details

Version: 0.8.2
Check: LazyData
Result: NOTE
     'LazyData' is specified without a 'data' directory
Flavors: r-devel-linux-x86_64-debian-clang, r-devel-linux-x86_64-debian-gcc, r-devel-linux-x86_64-fedora-clang, r-devel-linux-x86_64-fedora-gcc, r-devel-windows-x86_64-new-UL, r-devel-windows-x86_64-new-TK, r-patched-linux-x86_64, r-release-linux-x86_64, r-release-macos-arm64, r-release-macos-x86_64, r-release-windows-ix86+x86_64