Last updated on 2022-07-05 22:50:20 CEST.
Flavor | Version | Tinstall | Tcheck | Ttotal | Status | Flags |
---|---|---|---|---|---|---|
r-devel-linux-x86_64-debian-clang | 1.2.5 | 69.75 | 27.85 | 97.60 | WARN | |
r-devel-linux-x86_64-debian-gcc | 1.2.5 | 67.70 | 21.34 | 89.04 | OK | |
r-devel-linux-x86_64-fedora-clang | 1.2.5 | 176.87 | WARN | |||
r-devel-linux-x86_64-fedora-gcc | 1.2.5 | 159.69 | OK | |||
r-devel-windows-x86_64 | 1.2.5 | 106.00 | 82.00 | 188.00 | OK | |
r-patched-linux-x86_64 | 1.2.5 | 67.28 | 26.30 | 93.58 | OK | |
r-release-linux-x86_64 | 1.2.5 | 67.83 | 26.49 | 94.32 | OK | |
r-release-macos-arm64 | 1.2.5 | 42.00 | NOTE | |||
r-release-macos-x86_64 | 1.2.5 | 54.00 | NOTE | |||
r-release-windows-x86_64 | 1.2.5 | 85.00 | 83.00 | 168.00 | OK | |
r-oldrel-macos-arm64 | 1.2.5 | 57.00 | NOTE | |||
r-oldrel-macos-x86_64 | 1.2.5 | 56.00 | NOTE | |||
r-oldrel-windows-ix86+x86_64 | 1.2.5 | 185.00 | 83.00 | 268.00 | OK |
Version: 1.2.5
Check: whether package can be installed
Result: WARN
Found the following significant warnings:
DTRegion3D.cpp:58:13: warning: use of bitwise '&' with boolean operands [-Wbitwise-instead-of-logical]
DTRegion3D.cpp:102:13: warning: use of bitwise '&' with boolean operands [-Wbitwise-instead-of-logical]
Flavors: r-devel-linux-x86_64-debian-clang, r-devel-linux-x86_64-fedora-clang
Version: 1.2.5
Check: installed package size
Result: NOTE
installed size is 5.2Mb
sub-directories of 1Mb or more:
libs 5.1Mb
Flavors: r-devel-linux-x86_64-fedora-clang, r-release-macos-arm64, r-release-macos-x86_64, r-oldrel-macos-arm64, r-oldrel-macos-x86_64