CRAN Package Check Results for Package DatabaseConnectorJars

Last updated on 2021-11-30 22:54:28 CET.

Flavor Version Tinstall Tcheck Ttotal Status Flags
r-devel-linux-x86_64-debian-clang 1.1.0 3.12 31.31 34.43 OK
r-devel-linux-x86_64-debian-gcc 1.1.0 2.55 26.59 29.14 OK
r-devel-linux-x86_64-fedora-clang 1.1.0 51.49 NOTE
r-devel-linux-x86_64-fedora-gcc 1.1.0 44.68 OK
r-devel-windows-x86_64-new-UL 1.1.0 9.00 65.00 74.00 NOTE
r-devel-windows-x86_64-new-TK 1.1.0 OK
r-devel-windows-x86_64-old 1.1.0 6.00 41.00 47.00 NOTE
r-patched-linux-x86_64 1.1.0 3.19 30.41 33.60 OK
r-patched-solaris-x86 1.1.0 67.10 NOTE
r-release-linux-x86_64 1.1.0 3.36 30.27 33.63 OK
r-release-macos-arm64 1.1.0 NOTE
r-release-macos-x86_64 1.1.0 NOTE
r-release-windows-ix86+x86_64 1.1.0 10.00 51.00 61.00 NOTE
r-oldrel-macos-x86_64 1.1.0 NOTE
r-oldrel-windows-ix86+x86_64 1.1.0 7.00 41.00 48.00 NOTE

Check Details

Version: 1.1.0
Check: installed package size
Result: NOTE
     installed size is 7.6Mb
     sub-directories of 1Mb or more:
     java 7.5Mb
Flavors: r-devel-linux-x86_64-fedora-clang, r-devel-windows-x86_64-new-UL, r-devel-windows-x86_64-old, r-patched-solaris-x86, r-release-macos-arm64, r-release-macos-x86_64, r-release-windows-ix86+x86_64, r-oldrel-macos-x86_64, r-oldrel-windows-ix86+x86_64