Last updated on 2023-03-23 22:52:29 CET.
Flavor | Version | Tinstall | Tcheck | Ttotal | Status | Flags |
---|---|---|---|---|---|---|
r-devel-linux-x86_64-debian-clang | 0.2.7 | 7.94 | 71.10 | 79.04 | WARN | |
r-devel-linux-x86_64-debian-gcc | 0.2.7 | 5.36 | 53.24 | 58.60 | WARN | |
r-devel-linux-x86_64-fedora-clang | 0.2.7 | 102.00 | WARN | |||
r-devel-linux-x86_64-fedora-gcc | 0.2.7 | 93.28 | WARN | |||
r-devel-windows-x86_64 | 0.2.7 | 49.00 | 111.00 | 160.00 | WARN | |
r-patched-linux-x86_64 | 0.2.7 | 7.30 | 66.98 | 74.28 | OK | |
r-release-linux-x86_64 | 0.2.7 | 5.93 | 68.52 | 74.45 | OK | |
r-release-macos-arm64 | 0.2.7 | 30.00 | OK | |||
r-release-macos-x86_64 | 0.2.7 | 61.00 | OK | |||
r-release-windows-x86_64 | 0.2.7 | 50.00 | 97.00 | 147.00 | OK | |
r-oldrel-macos-arm64 | 0.2.7 | 42.00 | OK | |||
r-oldrel-macos-x86_64 | 0.2.7 | 55.00 | OK | |||
r-oldrel-windows-ix86+x86_64 | 0.2.7 | 17.00 | 98.00 | 115.00 | OK |
Version: 0.2.7
Check: S3 generic/method consistency
Result: WARN
ggplot:
function(data, mapping, ..., environment)
ggplot.ddplot:
function(data, axis.location, ...)
ggplot:
function(data, mapping, ..., environment)
ggplot.timeseries:
function(data, edges, ...)
ggplot:
function(data, mapping, ..., environment)
ggplot.histogram:
function(data, spine, ...)
ggplot:
function(data, mapping, ..., environment)
ggplot.barplot:
function(data, spine, ...)
ggplot:
function(data, mapping, ..., environment)
ggplot.parcoords:
function(data, absoluteX, absoluteY, edges, ...)
See section ‘Generic functions and methods’ in the ‘Writing R
Extensions’ manual.
Flavors: r-devel-linux-x86_64-debian-clang, r-devel-linux-x86_64-debian-gcc, r-devel-linux-x86_64-fedora-clang, r-devel-linux-x86_64-fedora-gcc, r-devel-windows-x86_64
Version: 0.2.7
Check: Rd files
Result: NOTE
checkRd: (-1) geom_axis.Rd:10: Escaped LaTeX specials: \_
Flavors: r-devel-linux-x86_64-debian-clang, r-devel-linux-x86_64-debian-gcc, r-devel-linux-x86_64-fedora-clang, r-devel-linux-x86_64-fedora-gcc, r-devel-windows-x86_64