CRAN Package Check Results for Package DetMCD

Last updated on 2022-01-16 22:51:10 CET.

Flavor Version Tinstall Tcheck Ttotal Status Flags
r-devel-linux-x86_64-debian-clang 0.0.5 35.30 35.83 71.13 OK
r-devel-linux-x86_64-debian-gcc 0.0.5 25.81 32.65 58.46 OK
r-devel-linux-x86_64-fedora-clang 0.0.5 98.58 NOTE
r-devel-linux-x86_64-fedora-gcc 0.0.5 80.47 OK
r-devel-windows-x86_64-new-UL 0.0.5 39.00 71.00 110.00 OK
r-devel-windows-x86_64-new-TK 0.0.5 OK
r-patched-linux-x86_64 0.0.5 30.04 35.83 65.87 OK
r-release-linux-x86_64 0.0.5 OK
r-release-macos-arm64 0.0.5 NOTE
r-release-macos-x86_64 0.0.5 NOTE
r-release-windows-ix86+x86_64 0.0.5 71.00 67.00 138.00 OK
r-oldrel-macos-x86_64 0.0.5 NOTE
r-oldrel-windows-ix86+x86_64 0.0.5 70.00 66.00 136.00 OK

Check Details

Version: 0.0.5
Check: installed package size
Result: NOTE
     installed size is 10.4Mb
     sub-directories of 1Mb or more:
     libs 10.3Mb
Flavors: r-devel-linux-x86_64-fedora-clang, r-release-macos-arm64, r-release-macos-x86_64, r-oldrel-macos-x86_64