CRAN Package Check Results for Package DiffusionRimp

Last updated on 2021-12-02 22:55:50 CET.

Flavor Version Tinstall Tcheck Ttotal Status Flags
r-devel-linux-x86_64-debian-clang 0.1.2 34.29 56.43 90.72 OK
r-devel-linux-x86_64-debian-gcc 0.1.2 22.96 43.94 66.90 OK
r-devel-linux-x86_64-fedora-clang 0.1.2 128.47 NOTE
r-devel-linux-x86_64-fedora-gcc 0.1.2 116.78 NOTE
r-devel-windows-x86_64-new-UL 0.1.2 50.00 117.00 167.00 OK
r-devel-windows-x86_64-new-TK 0.1.2 OK
r-devel-windows-x86_64-old 0.1.2 45.00 66.00 111.00 OK
r-patched-linux-x86_64 0.1.2 27.75 56.13 83.88 OK
r-patched-solaris-x86 0.1.2 141.80 OK
r-release-linux-x86_64 0.1.2 30.47 55.84 86.31 OK
r-release-macos-arm64 0.1.2 OK
r-release-macos-x86_64 0.1.2 OK
r-release-windows-ix86+x86_64 0.1.2 80.00 101.00 181.00 OK
r-oldrel-macos-x86_64 0.1.2 OK
r-oldrel-windows-ix86+x86_64 0.1.2 80.00 103.00 183.00 OK

Check Details

Version: 0.1.2
Check: compiled code
Result: NOTE
    File ‘DiffusionRimp/libs/DiffusionRimp.so’:
     Found no calls to: ‘R_registerRoutines’, ‘R_useDynamicSymbols’
    
    It is good practice to register native routines and to disable symbol
    search.
    
    See ‘Writing portable packages’ in the ‘Writing R Extensions’ manual.
Flavors: r-devel-linux-x86_64-fedora-clang, r-devel-linux-x86_64-fedora-gcc