Last updated on 2022-07-05 22:50:21 CEST.
Flavor | Version | Tinstall | Tcheck | Ttotal | Status | Flags |
---|---|---|---|---|---|---|
r-devel-linux-x86_64-debian-clang | 2.0.0 | 7.85 | 67.25 | 75.10 | NOTE | |
r-devel-linux-x86_64-debian-gcc | 2.0.0 | 6.78 | 52.24 | 59.02 | NOTE | |
r-devel-linux-x86_64-fedora-clang | 2.0.0 | 100.82 | NOTE | |||
r-devel-linux-x86_64-fedora-gcc | 2.0.0 | 105.54 | NOTE | |||
r-devel-windows-x86_64 | 2.0.0 | 28.00 | 88.00 | 116.00 | NOTE | |
r-patched-linux-x86_64 | 2.0.0 | 8.62 | 66.35 | 74.97 | OK | |
r-release-linux-x86_64 | 2.0.0 | 8.56 | 66.48 | 75.04 | OK | |
r-release-macos-arm64 | 2.0.0 | 26.00 | OK | |||
r-release-macos-x86_64 | 2.0.0 | 47.00 | OK | |||
r-release-windows-x86_64 | 2.0.0 | 28.00 | 88.00 | 116.00 | OK | |
r-oldrel-macos-arm64 | 2.0.0 | 25.00 | OK | |||
r-oldrel-macos-x86_64 | 2.0.0 | 40.00 | OK | |||
r-oldrel-windows-ix86+x86_64 | 2.0.0 | 17.00 | 85.00 | 102.00 | OK |
Version: 2.0.0
Check: Rd files
Result: NOTE
checkRd: (-1) TempDisaggDGP.Rd:79: Escaped LaTeX specials: \&
checkRd: (-1) disaggregate.Rd:56: Escaped LaTeX specials: \&
Flavors: r-devel-linux-x86_64-debian-clang, r-devel-linux-x86_64-debian-gcc, r-devel-linux-x86_64-fedora-clang, r-devel-linux-x86_64-fedora-gcc, r-devel-windows-x86_64