Last updated on 2023-06-03 22:56:39 CEST.
Flavor | Version | Tinstall | Tcheck | Ttotal | Status | Flags |
---|---|---|---|---|---|---|
r-devel-linux-x86_64-debian-clang | 1.1.1 | 13.78 | 118.48 | 132.26 | OK | |
r-devel-linux-x86_64-debian-gcc | 1.1.1 | 9.48 | 87.58 | 97.06 | OK | |
r-devel-linux-x86_64-fedora-clang | 1.1.1 | 162.67 | NOTE | |||
r-devel-linux-x86_64-fedora-gcc | 1.1.1 | 154.19 | NOTE | |||
r-devel-windows-x86_64 | 1.1.1 | 13.00 | 114.00 | 127.00 | OK | |
r-patched-linux-x86_64 | 1.1.1 | OK | ||||
r-release-linux-x86_64 | 1.1.1 | 10.93 | 111.68 | 122.61 | OK | |
r-release-macos-arm64 | 1.1.1 | 46.00 | OK | |||
r-release-macos-x86_64 | 1.1.1 | 78.00 | OK | |||
r-release-windows-x86_64 | 1.1.1 | 16.00 | 138.00 | 154.00 | OK | |
r-oldrel-macos-arm64 | 1.1.1 | 50.00 | NOTE | |||
r-oldrel-macos-x86_64 | 1.1.1 | 64.00 | NOTE | |||
r-oldrel-windows-x86_64 | 1.1.1 | 18.00 | 126.00 | 144.00 | OK |
Version: 1.1.1
Check: data for non-ASCII characters
Result: NOTE
Note: found 12 marked UTF-8 strings
Flavors: r-devel-linux-x86_64-fedora-clang, r-devel-linux-x86_64-fedora-gcc, r-oldrel-macos-arm64, r-oldrel-macos-x86_64