Last updated on 2023-09-21 23:03:18 CEST.
Flavor | Version | Tinstall | Tcheck | Ttotal | Status | Flags |
---|---|---|---|---|---|---|
r-devel-linux-x86_64-debian-clang | 0.5.3 | 13.05 | 407.41 | 420.46 | OK | |
r-devel-linux-x86_64-debian-gcc | 0.5.3 | 9.96 | 288.76 | 298.72 | OK | |
r-devel-linux-x86_64-fedora-clang | 0.5.3 | 514.03 | OK | |||
r-devel-linux-x86_64-fedora-gcc | 0.5.3 | 513.43 | OK | |||
r-devel-windows-x86_64 | 0.5.3 | 12.00 | 291.00 | 303.00 | OK | |
r-patched-linux-x86_64 | 0.5.3 | 15.86 | 380.68 | 396.54 | OK | |
r-release-linux-x86_64 | 0.5.3 | 10.26 | 376.61 | 386.87 | OK | |
r-release-macos-arm64 | 0.5.3 | 158.00 | OK | |||
r-release-macos-x86_64 | 0.5.3 | 269.00 | NOTE | |||
r-release-windows-x86_64 | 0.5.3 | 18.00 | 385.00 | 403.00 | OK | |
r-oldrel-macos-arm64 | 0.5.3 | 134.00 | OK | |||
r-oldrel-macos-x86_64 | 0.5.3 | 173.00 | OK | |||
r-oldrel-windows-x86_64 | 0.5.3 | 17.00 | 372.00 | 389.00 | OK |
Version: 0.5.3
Check: package dependencies
Result: NOTE
Package suggested but not available for checking: ‘AER’
Flavor: r-release-macos-x86_64