CRAN Package Check Results for Package DrugClust

Last updated on 2021-11-27 22:56:55 CET.

Flavor Version Tinstall Tcheck Ttotal Status Flags
r-devel-linux-x86_64-debian-clang 0.2 NOTE
r-devel-linux-x86_64-debian-gcc 0.2 2.32 21.31 23.63 NOTE
r-devel-linux-x86_64-fedora-clang 0.2 47.73 NOTE
r-devel-linux-x86_64-fedora-gcc 0.2 36.67 NOTE
r-devel-windows-x86_64-new-UL 0.2 11.00 62.00 73.00 NOTE
r-devel-windows-x86_64-new-TK 0.2 NOTE
r-devel-windows-x86_64-old 0.2 5.00 48.00 53.00 NOTE
r-patched-linux-x86_64 0.2 3.20 26.32 29.52 NOTE
r-patched-solaris-x86 0.2 55.10 NOTE
r-release-linux-x86_64 0.2 NOTE
r-release-macos-arm64 0.2 NOTE
r-release-macos-x86_64 0.2 NOTE
r-release-windows-ix86+x86_64 0.2 8.00 34.00 42.00 NOTE
r-oldrel-macos-x86_64 0.2 OK
r-oldrel-windows-ix86+x86_64 0.2 7.00 45.00 52.00 OK

Check Details

Version: 0.2
Check: LazyData
Result: NOTE
     'LazyData' is specified without a 'data' directory
Flavors: r-devel-linux-x86_64-debian-clang, r-devel-linux-x86_64-debian-gcc, r-devel-linux-x86_64-fedora-clang, r-devel-linux-x86_64-fedora-gcc, r-devel-windows-x86_64-new-UL, r-devel-windows-x86_64-new-TK, r-devel-windows-x86_64-old, r-patched-linux-x86_64, r-patched-solaris-x86, r-release-linux-x86_64, r-release-macos-arm64, r-release-macos-x86_64, r-release-windows-ix86+x86_64