CRAN Package Check Results for Package DunnettTests

Last updated on 2021-12-04 22:59:32 CET.

Flavor Version Tinstall Tcheck Ttotal Status Flags
r-devel-linux-x86_64-debian-clang 2.0 2.97 45.68 48.65 NOTE
r-devel-linux-x86_64-debian-gcc 2.0 2.72 35.60 38.32 NOTE
r-devel-linux-x86_64-fedora-clang 2.0 62.32 NOTE
r-devel-linux-x86_64-fedora-gcc 2.0 51.93 NOTE
r-devel-windows-x86_64-new-UL 2.0 10.00 83.00 93.00 NOTE
r-devel-windows-x86_64-new-TK 2.0 NOTE
r-devel-windows-x86_64-old 2.0 6.00 50.00 56.00 NOTE
r-patched-linux-x86_64 2.0 4.06 36.75 40.81 NOTE
r-release-linux-x86_64 2.0 3.95 37.16 41.11 NOTE
r-release-macos-arm64 2.0 NOTE
r-release-macos-x86_64 2.0 NOTE
r-release-windows-ix86+x86_64 2.0 5.00 63.00 68.00 NOTE
r-oldrel-macos-x86_64 2.0 NOTE
r-oldrel-windows-ix86+x86_64 2.0 6.00 69.00 75.00 NOTE

Check Details

Version: 2.0
Check: R code for possible problems
Result: NOTE
    cvSDDT: no visible global function definition for 'qt'
    cvSDDT : Cj_SD.fun: no visible global function definition for 'combn'
    cvSDDT: no visible global function definition for 'uniroot'
    cvSUDT: no visible global function definition for 'rnorm'
    cvSUDT: no visible global function definition for 'rchisq'
    cvSUDT : psi.fun: no visible global function definition for 'pnorm'
    cvSUDT: no visible global function definition for 'qt'
    cvSUDT: no visible global function definition for 'uniroot'
    cvSUDT: no visible global function definition for 'combn'
    nvDT : samplesize: no visible global function definition for 'rnorm'
    nvDT : samplesize: no visible global function definition for 'rchisq'
    nvDT : samplesize: no visible global function definition for 'pnorm'
    nvDT : ssBonf: no visible global function definition for 'qnorm'
    nvDT : ssBonf: no visible global function definition for 'qt'
    nvDT : ssBonf: no visible global function definition for 'rnorm'
    nvDT : ssBonf: no visible global function definition for 'rchisq'
    nvDT : ssBonf: no visible global function definition for 'pnorm'
    nvDT: no visible global function definition for 'uniroot'
    powDT: no visible global function definition for 'rnorm'
    powDT: no visible global function definition for 'rchisq'
    powDT: no visible global function definition for 'pnorm'
    qvSDDT: no visible global function definition for 'pt'
    qvSUDT: no visible global function definition for 'rnorm'
    qvSUDT: no visible global function definition for 'rchisq'
    qvSUDT : psi.fun: no visible global function definition for 'pnorm'
    qvSUDT: no visible global function definition for 'pt'
    qvSUDT : Pj.fun: no visible global function definition for 'qt'
    qvSUDT : Pj.fun: no visible global function definition for 'uniroot'
    Undefined global functions or variables:
     combn pnorm pt qnorm qt rchisq rnorm uniroot
    Consider adding
     importFrom("stats", "pnorm", "pt", "qnorm", "qt", "rchisq", "rnorm",
     "uniroot")
     importFrom("utils", "combn")
    to your NAMESPACE file.
Flavors: r-devel-linux-x86_64-debian-clang, r-devel-linux-x86_64-debian-gcc, r-devel-linux-x86_64-fedora-clang, r-devel-linux-x86_64-fedora-gcc, r-devel-windows-x86_64-new-UL, r-devel-windows-x86_64-new-TK, r-devel-windows-x86_64-old, r-patched-linux-x86_64, r-release-linux-x86_64, r-release-macos-arm64, r-release-macos-x86_64, r-release-windows-ix86+x86_64, r-oldrel-macos-x86_64, r-oldrel-windows-ix86+x86_64